{"id":100,"date":"2025-09-17T13:06:49","date_gmt":"2025-09-17T13:06:49","guid":{"rendered":"https:\/\/partycaliente.com\/?page_id=100"},"modified":"2025-12-08T15:28:06","modified_gmt":"2025-12-08T15:28:06","slug":"shows-animations","status":"publish","type":"page","link":"https:\/\/partycaliente.com\/index.php\/shows-animations\/","title":{"rendered":"Shows &#038; Animations"},"content":{"rendered":"<p>[et_pb_section fb_built=\u00a0\u00bb1&Prime; _builder_version=\u00a0\u00bb4.9.2&Prime; _module_preset=\u00a0\u00bbdefault\u00a0\u00bb background_color=\u00a0\u00bbgcid-108a28f0-8abb-4fb1-bc6e-ab5533c81706&Prime; custom_padding=\u00a0\u00bb0px|||||\u00a0\u00bb global_colors_info=\u00a0\u00bb{%22gcid-108a28f0-8abb-4fb1-bc6e-ab5533c81706%22:%91%22background_color%22%93}\u00a0\u00bb][et_pb_row _builder_version=\u00a0\u00bb4.9.2&Prime; _module_preset=\u00a0\u00bbdefault\u00a0\u00bb hover_enabled=\u00a0\u00bb0&Prime; sticky_enabled=\u00a0\u00bb0&Prime; width_last_edited=\u00a0\u00bbon|phone\u00a0\u00bb width_phone=\u00a0\u00bb100%\u00a0\u00bb][et_pb_column type=\u00a0\u00bb4_4&Prime; _builder_version=\u00a0\u00bb4.9.2&Prime; _module_preset=\u00a0\u00bbdefault\u00a0\u00bb][et_pb_slider _builder_version=\u00a0\u00bb4.9.2&Prime; _module_preset=\u00a0\u00bbdefault\u00a0\u00bb hover_enabled=\u00a0\u00bb0&Prime; sticky_enabled=\u00a0\u00bb0&Prime;][et_pb_slide heading=\u00a0\u00bbShows &#038; Animations\u00a0\u00bb _builder_version=\u00a0\u00bb4.9.2&Prime; _module_preset=\u00a0\u00bbdefault\u00a0\u00bb background_image=\u00a0\u00bbhttps:\/\/partycaliente.com\/wp-content\/uploads\/2025\/09\/MUST-CALIENTE-154-scaled.jpg\u00a0\u00bb background_enable_image=\u00a0\u00bbon\u00a0\u00bb hover_enabled=\u00a0\u00bb0&Prime; sticky_transition=\u00a0\u00bbon\u00a0\u00bb sticky_enabled=\u00a0\u00bb0&Prime;][\/et_pb_slide][\/et_pb_slider][\/et_pb_column][\/et_pb_row][et_pb_row _builder_version=\u00a0\u00bb4.9.2&Prime; _module_preset=\u00a0\u00bbdefault\u00a0\u00bb][et_pb_column _builder_version=\u00a0\u00bb4.9.2&Prime; _module_preset=\u00a0\u00bbdefault\u00a0\u00bb type=\u00a0\u00bb4_4&Prime;][et_pb_text _builder_version=\u00a0\u00bb4.9.2&Prime; _module_preset=\u00a0\u00bbdefault\u00a0\u00bb header_text_color=\u00a0\u00bb#FFFFFF\u00a0\u00bb header_3_text_color=\u00a0\u00bb#FFFFFF\u00a0\u00bb text_text_color=\u00a0\u00bb#FFFFFF\u00a0\u00bb hover_enabled=\u00a0\u00bb0&Prime; sticky_enabled=\u00a0\u00bb0&Prime;]<\/p>\n<h1 data-start=\"180\" data-end=\"214\" style=\"text-align: center;\">\ud83d\udc83\ud83c\udde7\ud83c\uddf7 <strong data-start=\"187\" data-end=\"212\">SHOW \u201cCAF\u00c9 COM LEITE\u201d<\/strong><\/h1>\n<p><strong data-start=\"187\" data-end=\"212\"><\/strong><\/p>\n<h3 data-start=\"215\" data-end=\"276\" style=\"text-align: center;\"><em data-start=\"219\" data-end=\"276\">Un show br\u00e9silien moderne, authentique et ultra visuel.<\/em><\/h3>\n<p data-start=\"278\" data-end=\"458\" style=\"text-align: center;\"><strong data-start=\"278\" data-end=\"296\"><\/strong><\/p>\n<p data-start=\"278\" data-end=\"458\" style=\"text-align: center;\"><strong data-start=\"278\" data-end=\"296\">Caf\u00e9 Com Leite<\/strong> est un show chor\u00e9graphi\u00e9 :<br data-start=\"353\" data-end=\"356\" \/>un m\u00e9lange du <strong data-start=\"370\" data-end=\"389\">Carnaval de Rio<\/strong>, de l\u2019<strong data-start=\"396\" data-end=\"420\">ambiance des favelas<\/strong> et de la puissance du <strong data-start=\"443\" data-end=\"457\">baile funk<\/strong>.<\/p>\n<p data-start=\"460\" data-end=\"486\" style=\"text-align: center;\">La performance combine :<\/p>\n<p data-start=\"489\" data-end=\"569\" style=\"text-align: center;\">&#8211; des mouvements inspir\u00e9s de la <strong data-start=\"519\" data-end=\"531\">capoeira<\/strong>, du <strong data-start=\"536\" data-end=\"547\">hip-hop<\/strong> et de la <strong data-start=\"557\" data-end=\"566\">samba<\/strong>,<\/p>\n<p data-start=\"572\" data-end=\"605\" style=\"text-align: center;\">&#8211; une \u00e9nergie urbaine et moderne,<\/p>\n<p data-start=\"608\" data-end=\"675\" style=\"text-align: center;\">&#8211; des <strong data-start=\"612\" data-end=\"639\">danseurs professionnels<\/strong> en tenues th\u00e9matiques.<\/p>\n<p data-start=\"677\" data-end=\"802\" style=\"text-align: center;\">Le r\u00e9sultat :<br data-start=\"690\" data-end=\"693\" \/>un show dynamique, visuel et immersif qui transporte instantan\u00e9ment votre public dans l\u2019ambiance br\u00e9silienne.<\/p>\n<h3 data-start=\"804\" data-end=\"847\" style=\"text-align: center;\"><span style=\"text-decoration: underline;\"><strong data-start=\"808\" data-end=\"845\"><\/strong><\/span><\/h3>\n<h3 data-start=\"804\" data-end=\"847\" style=\"text-align: center;\"><span style=\"text-decoration: underline;\"><strong data-start=\"808\" data-end=\"845\"><\/strong><\/span><\/h3>\n<h3 data-start=\"804\" data-end=\"847\" style=\"text-align: center;\"><span style=\"text-decoration: underline;\"><strong data-start=\"808\" data-end=\"845\">Pourquoi choisir Caf\u00e9 Com Leite ?<\/strong><\/span><\/h3>\n<p data-start=\"848\" data-end=\"1083\" style=\"text-align: center;\">Parce que c\u2019est un show <strong data-start=\"872\" data-end=\"936\">construit sp\u00e9cialement pour les clubs et \u00e9v\u00e9nements modernes<\/strong> :<br data-start=\"938\" data-end=\"941\" \/>intense, impactant, calibr\u00e9, et parfaitement adapt\u00e9 \u00e0 une atmosph\u00e8re actuelle \u2014 <strong data-start=\"1040\" data-end=\"1082\">loin des clich\u00e9s et 100% professionnel<\/strong>.<\/p>\n<p>[\/et_pb_text][et_pb_divider _builder_version=\u00a0\u00bb4.9.2&Prime; _module_preset=\u00a0\u00bbdefault\u00a0\u00bb hover_enabled=\u00a0\u00bb0&Prime; sticky_enabled=\u00a0\u00bb0&Prime;][\/et_pb_divider][et_pb_text _builder_version=\u00a0\u00bb4.9.2&Prime; _module_preset=\u00a0\u00bbdefault\u00a0\u00bb header_text_color=\u00a0\u00bb#FFFFFF\u00a0\u00bb header_3_text_color=\u00a0\u00bb#FFFFFF\u00a0\u00bb text_text_color=\u00a0\u00bb#FFFFFF\u00a0\u00bb sticky_enabled=\u00a0\u00bb0&Prime; hover_enabled=\u00a0\u00bb0&Prime;]<\/p>\n<h1 data-start=\"170\" data-end=\"219\" style=\"text-align: center;\">\ud83d\udc83\ud83d\udd25 <strong data-start=\"177\" data-end=\"217\">SHOW DANSEUSES LATINO &amp; BR\u00c9SILIENNES<\/strong><\/h1>\n<h3 data-start=\"220\" data-end=\"289\" style=\"text-align: center;\"><em data-start=\"224\" data-end=\"289\">Un show 100% f\u00e9minin, sensuel, torride et intens\u00e9ment caliente.<\/em><\/h3>\n<p data-start=\"291\" data-end=\"592\" style=\"text-align: center;\">Ce spectacle met en avant une f\u00e9minit\u00e9 puissante et assum\u00e9e, port\u00e9e par des danseuses professionnelles qui savent cr\u00e9er une atmosph\u00e8re chaude, s\u00e9duisante et totalement captivante.<br data-start=\"470\" data-end=\"473\" \/>Leurs mouvements sont fluides, pr\u00e9cis, provocants juste comme il faut \u2014 un m\u00e9lange parfait entre sensualit\u00e9 et \u00e9nergie.<\/p>\n<p data-start=\"594\" data-end=\"838\" style=\"text-align: center;\">Les chor\u00e9graphies sont construites pour <strong data-start=\"634\" data-end=\"665\">faire monter la temp\u00e9rature<\/strong>, attirer tous les regards et cr\u00e9er un moment fort au c\u0153ur de la soir\u00e9e.<br data-start=\"737\" data-end=\"740\" \/>Tenues latines, attitude, charisme : tout est pens\u00e9 pour offrir un visuel moderne et irr\u00e9sistible.<\/p>\n<h3 data-start=\"840\" data-end=\"857\" style=\"text-align: center;\">Le r\u00e9sultat<\/h3>\n<p data-start=\"858\" data-end=\"965\" style=\"text-align: center;\">Un show torride, esth\u00e9tique et \u00e9lectrisant, qui transforme l\u2019ambiance et marque instantan\u00e9ment les esprits.<\/p>\n<h3 data-start=\"967\" data-end=\"1003\" style=\"text-align: center;\"><span style=\"text-decoration: underline;\"><strong data-start=\"971\" data-end=\"1001\">Pourquoi choisir ce show ?<\/strong><\/span><\/h3>\n<p data-start=\"1004\" data-end=\"1171\" style=\"text-align: center;\">Parce qu\u2019il apporte une <strong data-start=\"1028\" data-end=\"1067\">touche f\u00e9minine intense et \u00e9l\u00e9gante<\/strong>, un v\u00e9ritable moment caliente qui donne du caract\u00e8re, du style et une identit\u00e9 forte \u00e0 votre \u00e9v\u00e9nement.<\/p>\n<p>[\/et_pb_text][et_pb_divider _builder_version=\u00a0\u00bb4.9.2&Prime; _module_preset=\u00a0\u00bbdefault\u00a0\u00bb hover_enabled=\u00a0\u00bb0&Prime; sticky_enabled=\u00a0\u00bb0&Prime;][\/et_pb_divider][et_pb_text _builder_version=\u00a0\u00bb4.9.2&Prime; _module_preset=\u00a0\u00bbdefault\u00a0\u00bb text_text_color=\u00a0\u00bb#FFFFFF\u00a0\u00bb header_3_text_color=\u00a0\u00bb#FFFFFF\u00a0\u00bb hover_enabled=\u00a0\u00bb0&Prime; sticky_enabled=\u00a0\u00bb0&Prime;]<\/p>\n<h3 data-pm-slice=\"1 1 []\" style=\"text-align: center;\"><span style=\"text-decoration: underline;\"><strong>\ud83d\udce9 Envie d\u2019ajouter du spectacle \u00e0 votre \u00e9v\u00e9nement ?<\/strong><\/span><\/h3>\n<p style=\"text-align: center;\">Dites-nous le format de votre soir\u00e9e, et nous int\u00e9grons le show et nos animations selon vos besoins.<\/p>\n<p>[\/et_pb_text][\/et_pb_column][\/et_pb_row][et_pb_row _builder_version=\u00a0\u00bb4.9.2&Prime; _module_preset=\u00a0\u00bbdefault\u00a0\u00bb][et_pb_column _builder_version=\u00a0\u00bb4.9.2&Prime; _module_preset=\u00a0\u00bbdefault\u00a0\u00bb type=\u00a0\u00bb4_4&Prime;][et_pb_button button_text=\u00a0\u00bbEn Savoir Plus\u00a0\u00bb _builder_version=\u00a0\u00bb4.9.2&Prime; _module_preset=\u00a0\u00bbdefault\u00a0\u00bb button_url=\u00a0\u00bbhttps:\/\/partycaliente.com\/index.php\/contact\/\u00a0\u00bb hover_enabled=\u00a0\u00bb0&Prime; sticky_enabled=\u00a0\u00bb0&Prime; button_alignment=\u00a0\u00bbcenter\u00a0\u00bb][\/et_pb_button][\/et_pb_column][\/et_pb_row][\/et_pb_section]<\/p>\n","protected":false},"excerpt":{"rendered":"<p>[et_pb_section fb_built=\u00a0\u00bb1&Prime; _builder_version=\u00a0\u00bb4.9.2&Prime; _module_preset=\u00a0\u00bbdefault\u00a0\u00bb background_color=\u00a0\u00bbgcid-108a28f0-8abb-4fb1-bc6e-ab5533c81706&Prime; custom_padding=\u00a0\u00bb0px|||||\u00a0\u00bb global_colors_info=\u00a0\u00bb{%22gcid-108a28f0-8abb-4fb1-bc6e-ab5533c81706%22:%91%22background_color%22%93}\u00a0\u00bb][et_pb_row _builder_version=\u00a0\u00bb4.9.2&Prime; _module_preset=\u00a0\u00bbdefault\u00a0\u00bb hover_enabled=\u00a0\u00bb0&Prime; sticky_enabled=\u00a0\u00bb0&Prime; width_last_edited=\u00a0\u00bbon|phone\u00a0\u00bb width_phone=\u00a0\u00bb100%\u00a0\u00bb][et_pb_column type=\u00a0\u00bb4_4&Prime; _builder_version=\u00a0\u00bb4.9.2&Prime; _module_preset=\u00a0\u00bbdefault\u00a0\u00bb][et_pb_slider _builder_version=\u00a0\u00bb4.9.2&Prime; _module_preset=\u00a0\u00bbdefault\u00a0\u00bb hover_enabled=\u00a0\u00bb0&Prime; sticky_enabled=\u00a0\u00bb0&Prime;][et_pb_slide heading=\u00a0\u00bbShows &#038; Animations\u00a0\u00bb _builder_version=\u00a0\u00bb4.9.2&Prime; _module_preset=\u00a0\u00bbdefault\u00a0\u00bb background_image=\u00a0\u00bbhttps:\/\/partycaliente.com\/wp-content\/uploads\/2025\/09\/MUST-CALIENTE-154-scaled.jpg\u00a0\u00bb background_enable_image=\u00a0\u00bbon\u00a0\u00bb hover_enabled=\u00a0\u00bb0&Prime; sticky_transition=\u00a0\u00bbon\u00a0\u00bb sticky_enabled=\u00a0\u00bb0&Prime;][\/et_pb_slide][\/et_pb_slider][\/et_pb_column][\/et_pb_row][et_pb_row _builder_version=\u00a0\u00bb4.9.2&Prime; _module_preset=\u00a0\u00bbdefault\u00a0\u00bb][et_pb_column _builder_version=\u00a0\u00bb4.9.2&Prime; _module_preset=\u00a0\u00bbdefault\u00a0\u00bb type=\u00a0\u00bb4_4&Prime;][et_pb_text _builder_version=\u00a0\u00bb4.9.2&Prime; _module_preset=\u00a0\u00bbdefault\u00a0\u00bb header_text_color=\u00a0\u00bb#FFFFFF\u00a0\u00bb header_3_text_color=\u00a0\u00bb#FFFFFF\u00a0\u00bb text_text_color=\u00a0\u00bb#FFFFFF\u00a0\u00bb hover_enabled=\u00a0\u00bb0&Prime; sticky_enabled=\u00a0\u00bb0&Prime;] \ud83d\udc83\ud83c\udde7\ud83c\uddf7 SHOW \u201cCAF\u00c9 COM LEITE\u201d Un show br\u00e9silien moderne, authentique et ultra visuel. [&hellip;]<\/p>\n","protected":false},"author":1,"featured_media":0,"parent":0,"menu_order":0,"comment_status":"closed","ping_status":"closed","template":"","meta":{"_et_pb_use_builder":"on","_et_pb_old_content":"","_et_gb_content_width":"","footnotes":""},"class_list":["post-100","page","type-page","status-publish","hentry"],"_links":{"self":[{"href":"https:\/\/partycaliente.com\/index.php\/wp-json\/wp\/v2\/pages\/100","targetHints":{"allow":["GET"]}}],"collection":[{"href":"https:\/\/partycaliente.com\/index.php\/wp-json\/wp\/v2\/pages"}],"about":[{"href":"https:\/\/partycaliente.com\/index.php\/wp-json\/wp\/v2\/types\/page"}],"author":[{"embeddable":true,"href":"https:\/\/partycaliente.com\/index.php\/wp-json\/wp\/v2\/users\/1"}],"replies":[{"embeddable":true,"href":"https:\/\/partycaliente.com\/index.php\/wp-json\/wp\/v2\/comments?post=100"}],"version-history":[{"count":7,"href":"https:\/\/partycaliente.com\/index.php\/wp-json\/wp\/v2\/pages\/100\/revisions"}],"predecessor-version":[{"id":258,"href":"https:\/\/partycaliente.com\/index.php\/wp-json\/wp\/v2\/pages\/100\/revisions\/258"}],"wp:attachment":[{"href":"https:\/\/partycaliente.com\/index.php\/wp-json\/wp\/v2\/media?parent=100"}],"curies":[{"name":"wp","href":"https:\/\/api.w.org\/{rel}","templated":true}]}}